2
1
Evaluate -4 + -3 + (2 - -1).
-4
What is 2 - 4 - (0 + 1 + -8)?
5
What is the value of -3 + 0 - (2 + -10 + 2)?
3
-51 + 46 + (-13 - 0) - -7
-11
What is the value of -92 + 96 + (2 - 2) + -3?
1
Evaluate 9 - ((11 - 3) + -4).
5
Calculate 1 - (-2 + (-2 - -2)).
3
What is the value of -21 - -24 - (-1 + 1)?
3
Calculate (3 - (-1 + 7)) + (8 - 9).
-4
Calculate (15 - 7) + (3 - 6) + -2.
3
(4 + 0 - 1) + (-5 - -1)
-1
Evaluate -3 + -2 + (-3 - -4).
-4
What is (23 + -10 - 8) + (-1 - 1)?
3
What is the value of -4 + 4 + -2 - (11 - 18)?
5
(-1 - (-6 - 1)) + -3
3
-4 - (-6 + 0 + 6)
-4
What is -13 + -13 + 40 - (0 + 6)?
8
Evaluate -1 - ((5 - -1) + (22 - 30)).
1
Evaluate 4 + (-2 - 1) - (-3 + 1).
3
What is -3 - (7 - (6 + -3 + 1))?
-6
-4 + 3 + -5 + 8 + 0
2
Calculate 3 - (-2 + 3 + 1).
1
-2 + -6 + 4 + 4
0
Calculate -2 + -1 + 0 + -1.
-4
What is (-1 - (5 - 1)) + (58 - 53)?
0
Evaluate 2 + (-3 - -2) + 3.
4
What is the value of 22 + -32 + 0 + 9?
-1
What is 75 - 76 - (-4 - 0)?
3
What is -17 - (-15 + -1 + 4)?
-5
What is the value of (6 - 13) + (0 - -4)?
-3
2 - (9 + 1 + -7)
-1
Evaluate -11 + (0 + 2 - -6).
-3
What is -1 + (2 - 2) + -6 + 3?
-4
Calculate -5 + (7 - (-3 - (-9 - -4))).
0
What is the value of 12 + -10 + -1 - (4 - 0)?
-3
Evaluate -9 + (0 - -11) - (2 - 4).
4
What is the value of -2 + 13 - (9 - 3)?
5
What is -2 + (6 - (-4 - -6)) - 1?
1
Evaluate -9 - (7 - ((15 - 3) + 1)).
-3
What is the value of 13 + -5 + (5 - 10)?
3
What is the value of (53 - 52) + -1 + 10 + -1?
9
Calculate (6 - 0) + -5 + -1 + 0.
0
What is the value of -5 + 3 + (-6 - (-3 - 1))?
-4
Evaluate 0 - -5 - ((0 - 7) + 9).
3
What is -30 - -29 - (0 + 2)?
-3
Evaluate 0 - 2 - (-5 + 0).
3
-1 - 2 - (2 - (1 + -3))
-7
Evaluate -3 + (0 - -7) + -4.
0
What is 6 + (1 - 3) + 1 - 2?
3
Evaluate 4 + -11 + -1 + (-1 - -1).
-8
Evaluate (-7 + 15 - 15) + 5 - -8.
6
What is the value of (3 - 8) + (10 - 6)?
-1
Evaluate -6 + (-12 + 4 + -1 - -6).
-9
Calculate (-2 - 5) + (33 - 30) + -3.
-7
Evaluate -15 + 0 + 13 + 37 + -44.
-9
What is 1 + 6 - 4 - (-6 - -6)?
3
What is the value of 0 + (4 - (2 + 1)) - -1?
2
What is -1 + -2 + (-1 - -1) + 3?
0
What is the value of 9 + (-4 - -3) + -3 + 0?
5
Calculate 11 - (-8 + 2 - -12) - 3.
2
What is 0 + 8 + (-10 - (-4 - 3))?
5
What is the value of 11 - (18 + 6) - -19?
6
What is the value of 0 + 5 + (1 - 2)?
4
Evaluate 0 - (-8 - (-10 + 9)).
7
What is -2 - (2 - 2 - 1 - -3)?
-4
Calculate -8 - (2 - (-6 + 8)).
-8
Calculate -3 - -5 - (-1 + 1 + 4).
-2
Evaluate (28 - 32) + (3 + -2 - -6).
3
Calculate 5 + -1 + -7 + -1 + 5.
1
1 - -11 - 20 - 1
-9
Calculate -13 - -15 - (0 - -1).
1
What is the value of 1 - (5 + -5 - -6)?
-5
Evaluate (-6 - (-3 - 4) - 8) + 12.
5
What is -7 + 5 + 0 - 2 - 1?
-5
Evaluate -3 - (0 + (3 - 6)).
0
4 - 8 - 1 - (-6 + -7)
8
What is the value of (1 - -5 - 9) + 10?
7
Calculate -1 - (-6 + 4) - 0 - 3.
-2
Calculate 3 + (2 + -2 - -2).
5
Calculate -2 + 3 + -2 + 1 - -4.
4
Evaluate -4 - -9 - 2 - -1.
4
What is the value of -49 - -55 - (9 - -1)?
-4
2 - (0 - 7) - 4
5
Evaluate (-2 - -3) + 7 - 0.
8
Calculate 1 - 4 - (-1 - 0).
-2
Evaluate -3 - 0 - -4 - 1.
0
Calculate -3 + (-5 - -9) - (1 + 2).
-2
(-39 - -34) + (4 - 2)
-3
-2 + (0 + 3 + 1 - -1)
3
What is the value of 2 + -3 + (-1 - 2) + 0?
-4
Calculate 2 + 0 + -6 + -2.
-6
Calculate 0 + 1 - (3 + (-4 - -3)).
-1
What is 0 + 2 - 4 - -7?
5
Calculate (1 - 2) + 8 + -10 + 7.
4
What is 1 + -3 - (-14 + 12)?
0
Calculate 0 + -2 + 9 - 2.
5
What is the value of 1 + 0 + (25 - 32) + 4?
-2
What is the value of 1 - (1 + 6 - 7)?
1
-5 + -10 - (-8 + 1)
-8
Evaluate -45 + 46 + -2 + 0.
-1
Evaluate -3 + (2 - 5 - -7).
1
What is the value of -4 + (0 - 0) + 1 + 1?
-2
What is the value of -16 - (9 + -33 + 13)?
-5
What is the value of (-2 - -5) + 0 + (-2 - -2)?
3
What is the value of -8 + 15 + -4 - 4?
-1
-67 - -73 - (4 + 1)
1
Evaluate 3 + (-5 - -4) + -7.
-5
Evaluate (-2 + 2 - 2) + (-7 - -8).
-1
Calculate -1 + 3 + (0 + -2 - 2).
-2
Evaluate 13 + -8 + 5 + -5.
5
What is the value of (3 + -3 - 4 - -2) + 0?
-2
(-3 - -2) + (5 - 3)
1
Calculate (-4 - (-5 + 7)) + 11.
5
2 - 6 - (70 - 72)
-2
What is the value of (-2 - (8 + -10)) + 7?
7
What is 0 - ((7 - (-3 + 7)) + 2)?
-5
(8 + -4 - 2) + 2
4
Evaluate -1 - (7 + -3 - 8).
3
Calculate -38 - -31 - (3 - (3 + 4)).
-3
What is 3 + -11 + 2 - -1?
-5
What is the value of 41 + -32 - (0 - (0 + -2))?
7
(0 - -1 - (2 - 3)) + 0
2
What is 5 + 0 - (-1 + 2) - 6?
-2
What is -4 - ((1 - 4) + 1 + -1)?
-1
What is the value of 0 + 3 + (5 - 5)?
3
What is -1 + -4 + 3 + -2 + 3?
-1
Evaluate -7 + 2 + 1 - 2.
-6
(-7 + -8 - -6) + 4
-5
Calculate (-1 - -7) + -10 + 0.
-4
11 + -15 - (1 - 10)
5
(-8 - -3 - 1) + (-23 - -36)
7
What is 0 + 2 + (1 - 7)?
-4
Evaluate (4 - -1) + (8 + -4 - 5).
4
What is the value of -8 + 11 - -2 - (1 - -5)?
-1
What is the value of -11 + (-40 + 39 - (1 - 9))?
-4
-1 + (0 + -1 + 1 - 2)
-3
What is -6 + 1 + (9 - 0)?
4
What is -7 + -3 + 8 + 0 + -2?
-4
0 + 0 + -27 + 22
-5
What is (-1 - 0) + 14 + 4 + -17?
0
What is the value of 3 + (-4 - (-5 + 4 + -5))?
5
Calculate 1 + ((-4 - -9) + -4 - 3).
-1
What is the value of (1 + 2 - 5) + 3 + -5?
-4
What is the value of 2 + -2 - -5 - (0 + 2)?
3
-6 - (7 - 0 - 15)
2
What is the value of 1 + 0 + -3 - -3?
1
Evaluate (-16 - (-10 + 0)) + 11.
5
What is -1 - ((-2 + 3 - -2) + -5)?
1
What is the value of 2 + 0 + -2 + (29 - 24)?
5
-9 + (5 - (7 + -4 + -3))
-4
-2 + 1 - 0 - (2 - 2)
-1
What is 2 + 0 + 3 - 7?
-2
Evaluate -13 + -1 - (-15 + 9).
-8
Evaluate (24 - (-15 + 39)) + (0 - -1).
1
Calculate 5 - 0 - (17 + -23 - -7).
4
What is (0 + 0 - -5) + -18 + 7?
-6
What is 1 - 9 - (-10 - -5)?
-3
Evaluate 99 + -99 - (-1 + -3).
4
Evaluate 5 + 4 + -7 - 5.
-3
Evaluate -10 + (-6 - -4) + 6.
-6
What is the value of 2 - (5 - (4 + -5 + 1))?
-3
What is the value of (-2 - -4 - 8 - -2) + 3?
-1
What is the value of 6 - 2 - (9 - 9)?
4
Evaluate 4 - (0 + 1 + 0).
3
Calculate 10 + -10 + (-26 - -15).
-11
Calculate (3 - (-3 - -4)) + (3 - -1).
6
Evaluate 3 + (-1 - -3) - -1.
6
Calculate 4 + -4 + -1 - (4 + 3).
-8
16 + -18 - (1 - 2)
-1
What is the value of (-2 - -7) + 0 + (-14 - 2)?
-11
Calculate 9 + -9 - -6 - 8.
-2
What is -5 + -4 + 5 - (-2 + 0)?
-2
What is -15 + 15 + 0 + 3?
3
(-4 - -4) + 0 + (1 - 2)
-1
(7 - (10 - -3)) + -4 + 7
-3
9 + (9 - 7) - 7
4
(-2 + -1 - 2) + -1 + 0
-6
(12 - 10) + (3 - 9)
-4
Evaluate -2 + 9 + (6 + 1 - 8).
6
What is 2 + (2 - 0 - -1)?
5
What is the value of 2 - (8 + 3 + -6)?
-3
14 + -2 - (41 - 36)
7
Calculate 0 - (-5 + 1 + 3).
1
What is -2 + -1 + 1 + -2 + 2?
-2
Calculate (2 - -1) + 25 + -23.
5
-2 - -3 - (5 + -3) - 4
-5
What is 3 + -3 + 1 + 9 + -6?
4
What is the value of 3 + 5 + (-5 - -3)?
6
Evaluate 1 + -2 + -1 - (3 - 7).
2
What is -7 + (-5 - (-8 - (1 + -1)))?
-4
What is the value of 2 + (0 - (-6 + (-1 - -5)))?
4
Calculate 6 + (-3 - 16) - -7 - 2.
-8
What is -7 - (0 + (-2 - 3))?
-2
What is 1 + -8 - (-15 + (11 - -1))?
-4
7 - (0 + 3) - (2 + 2)
0
What is -9 + 1 + 18 - 1?
9
Calculate -5 - ((-12 - -4) + (0 - 0)).
3
Calculate -12 + 2 + (27 - 10).
7
What is 2 + -7 + -8 + 19 + -9?
-3
Calculate 2 + (-2 - (-3 + 5) - -1).
-1
-2 - (-9 - (-14 - 1))
-8
Evaluate -14 + 6 + 4 - -9.
5
Calculate -5 + -1 - (114 - 126).
6
Calculate 11 + -17 - (-3 - 0).
-3
What is (-4 - (-3 + 6)) + 4?
-3
Evaluate (-3 - -2) + 10 - 5.
4
Calculate (-2 - 0) + (3 - (1 + -5)).
5
What is (-7 - (-7 + 0)) + 0?
0
Evaluate 9 + 5 + (-4 - 8).
2
What is 3 + -2 + (4 - 4) + 2?
3
Evaluate (4 - 1) + (-11 - -13).
5
Evaluate (0 - (-13 + -1)) + (-7 - -2).
9
Evaluate 2 + -9 + (-10 - -19).
2
What is -2 - (-1 + 8 - 7) - -6?
4
What is -8 - -9 - ((1 - -4) + -3)?
-1
What is -3 + (-2 - -6 - 4)?
-3
What is 4 + 5 + -4 + -5?
0
Evaluate 1 - (2 - 2 - -3 - 1).
-1
What is the value of 7 + (-5 - (8 + -3))?
-3
What is the value of 6 - 6 - (2 + 0 + -2)?
0
What is the value of -7 + (1 - 2 - -14)?
6
Calculate 0 + -6 - ((21 - 3) + -15).
-9
What is the value of (-7 - 5) + 4 + 2?
-6
Evaluate -7 + 13 - (0 - (-6 + 2)).
2
What is the value of (6 + (1 - 11) - 4) + -1?
-9
(-4 - 3) + 8 + 2
3
Evaluate 0 - (2 + -1 - (-3 - -6)).
2
Evaluate -1 - (5 - 11) - 4 - 4.
-3
What is the value of -1 + 7 - -2 - 4?
4
Calculate (1 - 5) + (0 - -7 - 1).
2
2 + (27 + -22 - (0 - -1))
6
Evaluate -6 - (-14 + (-2 - 4) + 10).
4
What is the value of (3 - 1) + 0 - 2?
0
(1 - (10 - 9)) + -7
-7
3 - 3 - (-3 - -5 - 0)
-2
What is -1 + -2 - (0 + 0 + 1)?
-4
What is 13 + -4 - 14 - (-6 - -1)?
0
W